{"id":495,"date":"2009-02-23T14:59:52","date_gmt":"2009-02-23T14:59:52","guid":{"rendered":"http:\/\/irisfernandez.com.ar\/betaweblog\/?page_id=495"},"modified":"2009-02-23T14:59:52","modified_gmt":"2009-02-23T14:59:52","slug":"sobre-la-autora","status":"publish","type":"page","link":"https:\/\/irisfernandez.com.ar\/betaweblog\/index.php\/sobre-la-autora\/","title":{"rendered":"Sobre la autora"},"content":{"rendered":"<p id=\"principal\">Soy Licenciada en Educaci\u00f3n y trabajo desde el a\u00f1o 2004 para <a href=\"http:\/\/www.vimartic.net\" title=\"Vimartic\">Vimartic<\/a>, formando docentes a distancia y creando material multimedia para proyectos vinculados con la educaci\u00f3n.<\/p>\n<p>Busco difundir la <a href=\"http:\/\/betaweblog.education\/wp\/\/?cat=7\">accesibilidad web<\/a> y el <a href=\"http:\/\/betaweblog.education\/wp\/\/?cat=8\">software libre<\/a> a trav\u00e9s de mi <a href=\"http:\/\/betaweblog.education\/wp\/\/\">weblog.<\/a><\/p>\n<p>Puede contactarse conmigo escribi\u00e9ndome a <a href=\"mailto:correo@irisfernandez.com.ar\" title=\"Contacto\">correo@irisfernandez.com.ar<\/a> o mediante este formulario:<\/p>\n<p>[contact-form 1 &#8220;Contact form 1&#8221;] <\/p>\n<h2>Otros proyectos que llevo adelante:<\/h2>\n<ul>\n<li>Repositorio de cuentos infantiles le\u00eddos &#8211; para invidentes<\/li>\n<p><a href=\"http:\/\/www.teleouncuento.com.ar\" title=\"Te leo un cuento\"><img decoding=\"async\" src=\"http:\/\/irisfernandez.com.ar\/imagenes\/te_leo.png\" title=\"Te leo un cuento\" alt=\"Te leo un cuento\" height=\"10%\" \/><\/a><\/p>\n<li>Grupo de autoformaci\u00f3n de Moodle<\/li>\n<p><a href=\"http:\/\/www.autoformacionmoodle.com.ar\" title=\"Grupo de autoformaci\u00f3n de Moodle\"><img decoding=\"async\" src=\"http:\/\/betaweblog.education\/wp\/imagenes\/logo_moodle_autoformacion.png\" alt=\"Autoformaci\u00f3n Moodle\" \/><\/a><\/p>\n<li>Grupo de autoformaci\u00f3n de Squeak<\/li>\n<p><a href=\"http:\/\/autoformacionsqueak.wikispaces.com\/\" title=\"Grupo de autoformaci\u00f3n de Squeak\"><img decoding=\"async\" src=\"http:\/\/irisfernandez.com.ar\/imagenes\/logo_squeak.jpg\" alt=\"Squeak\" height=\"10%\" \/><\/a><\/p>\n<li>Cargando&#8230;<\/li>\n<p>Soy la guionista de esta historieta editada por <a href=\"http:\/\/agenciablog.net\/quienes-somos\/\">Irene Fern\u00e1ndez<\/a> a trav\u00e9s de <a href=\"http:\/\/agenciablog.net\/\">AgenciaBlog<\/a>. <a href=\"http:\/\/betaweblog.education\/wp\/\/?cat=9\" accesskey=\"1\"><img decoding=\"async\" src=\"http:\/\/irisfernandez.com.ar\/imagenes\/cargando_chico.png\" title=\"Weblog sobre educaci\u00f3n, tecnolog\u00eda y realidad argentina, secci\u00f3n Humor.\" alt=\"Humor en BETA Weblog\" height=\"10%\" \/><\/a><\/p>\n<li>Rededuca<\/li>\n<p><a href=\"http:\/\/rededuca.wikispaces.com\/\"><img decoding=\"async\" src=\"http:\/\/irisfernandez.com.ar\/imagenes\/rededuca-pq2-full.jpg\" title=\"Wiki de Rededuca\" alt=\"Wiki de Rededuca\" height=\"10%\" \/><\/a><\/p>\n<li>Red de Educadores Latinoamericanos<\/li>\n<p><a href=\"http:\/\/educamerica.ning.com\"><img decoding=\"async\" src=\"http:\/\/api.ning.com\/files\/OPIHSsxdV9VWWBT4EFffUIBXfA0xf06i215lL9mfEh-jdNJ6y7xjotBMZ3P5OKwBrtNxTSea7Q1L1GcnG3ysS4Lx70yXpl*J\/RELcolor2.PNG\" title=\"REL\" alt=\"Red de Educadores Latinoamericanos\" height=\"10%\" \/><\/a><\/p>\n<li>Grupo de investigaci\u00f3n: accesibilidad web<\/li>\n<p>Durante algunos a\u00f1os coordin\u00e9 la <a href=\"http:\/\/www.pangea.org\/dim\/accesibilidad\/\" title=\"LT Accesibilidad - DiM\">L\u00ednea de Trabajo sobre Accesibilidad Web<\/a> en el grupo <a href=\"http:\/\/www.pangea.org\/dim\/\" title=\"Didactica i multimedia\">DiM<\/a>.<\/ul>\n<h2>El ba\u00fal de los recuerdos<\/h2>\n<p><a href=\"http:\/\/www.irisfernandez.com.ar\/compartir\/compartir.htm\" accesskey=\"U\">Compartir<\/a>, material para docentes de inform\u00e1tica<\/p>\n<p><a href=\"http:\/\/www.irisfernandez.com.ar\/compartir\/links_educativos.htm\" accesskey=\"Y\">Enlaces educativos<\/a> para padres y docentes<\/p>\n<p><a href=\"http:\/\/www.irisfernandez.com.ar\/software.htm\" accesskey=\"T\">Software educativo gratuito<\/a>, programado en Flash por la Prof. Iris Fern\u00e1ndez<\/p>\n<p>Para nost\u00e1lgicos, aqu\u00ed est\u00e1 la vieja versi\u00f3n de mi p\u00e1gina: <a href=\"http:\/\/irisfernandez.com.ar\/indexflash.htm\" accesskey=\"F\">Versi\u00f3n Flash ::<\/a><\/p>\n","protected":false},"excerpt":{"rendered":"<p>Soy Licenciada en Educaci\u00f3n y trabajo desde el a\u00f1o 2004 para Vimartic, formando docentes a distancia y creando material multimedia para proyectos vinculados con la educaci\u00f3n. Busco difundir la accesibilidad web y el software libre a trav\u00e9s de mi weblog. Puede contactarse conmigo escribi\u00e9ndome a correo@irisfernandez.com.ar o mediante este formulario: [contact-form 1 &#8220;Contact form 1&#8221;] &hellip; <a href=\"https:\/\/irisfernandez.com.ar\/betaweblog\/index.php\/sobre-la-autora\/\" class=\"more-link\">Continuar leyendo<span class=\"screen-reader-text\"> &#8220;Sobre la autora&#8221;<\/span><\/a><\/p>\n","protected":false},"author":1,"featured_media":0,"parent":0,"menu_order":0,"comment_status":"open","ping_status":"open","template":"","meta":{"footnotes":""},"class_list":["post-495","page","type-page","status-publish","hentry"],"_links":{"self":[{"href":"https:\/\/irisfernandez.com.ar\/betaweblog\/index.php\/wp-json\/wp\/v2\/pages\/495","targetHints":{"allow":["GET"]}}],"collection":[{"href":"https:\/\/irisfernandez.com.ar\/betaweblog\/index.php\/wp-json\/wp\/v2\/pages"}],"about":[{"href":"https:\/\/irisfernandez.com.ar\/betaweblog\/index.php\/wp-json\/wp\/v2\/types\/page"}],"author":[{"embeddable":true,"href":"https:\/\/irisfernandez.com.ar\/betaweblog\/index.php\/wp-json\/wp\/v2\/users\/1"}],"replies":[{"embeddable":true,"href":"https:\/\/irisfernandez.com.ar\/betaweblog\/index.php\/wp-json\/wp\/v2\/comments?post=495"}],"version-history":[{"count":0,"href":"https:\/\/irisfernandez.com.ar\/betaweblog\/index.php\/wp-json\/wp\/v2\/pages\/495\/revisions"}],"wp:attachment":[{"href":"https:\/\/irisfernandez.com.ar\/betaweblog\/index.php\/wp-json\/wp\/v2\/media?parent=495"}],"curies":[{"name":"wp","href":"https:\/\/api.w.org\/{rel}","templated":true}]}}